he thousands digit of 335518509?
8
What is the millions digit of 455196303?
5
What is the ten millions digit of 37396549?
3
What is the hundred thousands digit of 255978746?
9
What is the ten millions digit of 114899192?
1
What is the ten millions digit of 17495492?
1
What is the hundred millions digit of 539300924?
5
What is the hundreds digit of 600862814?
8
What is the units digit of 82505992?
2
What is the ten thousands digit of 5807217?
0
What is the ten millions digit of 163185916?
6
What is the hundred millions digit of 959381055?
9
What is the tens digit of 6187584971?
7
What is the hundreds digit of 2017437725?
7
What is the thousands digit of 66154249?
4
What is the tens digit of 1963972595?
9
What is the tens digit of 26441924?
2
What is the hundred thousands digit of 1567532462?
5
What is the thousands digit of 32787381?
7
What is the ten thousands digit of 715947?
1
What is the ten thousands digit of 117576843?
7
What is the millions digit of 121817970?
1
What is the billions digit of 1745854231?
1
What is the hundred thousands digit of 3976163975?
1
What is the millions digit of 2202995390?
2
What is the hundreds digit of 13664883?
8
What is the ten millions digit of 1165548542?
6
What is the ten millions digit of 176403521?
7
What is the units digit of 166949030?
0
What is the hundreds digit of 40530430?
4
What is the ten thousands digit of 2069933460?
3
What is the ten thousands digit of 1179989378?
8
What is the ten millions digit of 706199075?
0
What is the thousands digit of 515002619?
2
What is the ten thousands digit of 71372344?
7
What is the hundred thousands digit of 3617037773?
0
What is the tens digit of 4411627511?
1
What is the tens digit of 346693476?
7
What is the hundred thousands digit of 3744575979?
5
What is the units digit of 1258306276?
6
What is the thousands digit of 1079999605?
9
What is the tens digit of 41957134?
3
What is the hundreds digit of 2728939376?
3
What is the millions digit of 2459875451?
9
What is the ten millions digit of 106171800?
0
What is the ten millions digit of 4761327002?
6
What is the hundred thousands digit of 34056273?
0
What is the ten millions digit of 38714382?
3
What is the ten millions digit of 1479126474?
7
What is the hundred thousands digit of 92359420?
3
What is the hundreds digit of 17509856?
8
What is the billions digit of 1362790274?
1
What is the thousands digit of 76601314?
1
What is the millions digit of 362131620?
2
What is the ten thousands digit of 1265579352?
7
What is the ten thousands digit of 994469648?
6
What is the ten millions digit of 19847703?
1
What is the millions digit of 45452071?
5
What is the thousands digit of 4104281996?
1
What is the millions digit of 465350293?
5
What is the ten thousands digit of 542206906?
0
What is the units digit of 99930850?
0
What is the hundred millions digit of 1251741222?
2
What is the millions digit of 106800774?
6
What is the millions digit of 657874421?
7
What is the ten millions digit of 23555321?
2
What is the billions digit of 3077965877?
3
What is the hundred thousands digit of 102706955?
7
What is the ten millions digit of 102143627?
0
What is the hundreds digit of 4314696122?
1
What is the hundred millions digit of 1324936175?
3
What is the hundred thousands digit of 4535578461?
5
What is the thousands digit of 7817178020?
8
What is the units digit of 556518273?
3
What is the ten thousands digit of 3536445164?
4
What is the ten millions digit of 35137644?
3
What is the tens digit of 973806620?
2
What is the millions digit of 272543294?
2
What is the units digit of 1038362833?
3
What is the units digit of 1737540675?
5
What is the hundred thousands digit of 8205763?
2
What is the hundred thousands digit of 3723656027?
6
What is the ten thousands digit of 99707558?
0
What is the tens digit of 144320312?
1
What is the ten millions digit of 117962950?
1
What is the thousands digit of 14986558?
6
What is the millions digit of 40822623?
0
What is the ten millions digit of 183335432?
8
What is the ten thousands digit of 13054996?
5
What is the units digit of 52149091?
1
What is the millions digit of 178170234?
8
What is the units digit of 288472571?
1
What is the ten thousands digit of 243131951?
3
What is the ten thousands digit of 134524369?
2
What is the ten millions digit of 25370896?
2
What is the ten millions digit of 12038495?
1
What is the units digit of 52024055?
5
What is the ten thousands digit of 1707915029?
1
What is the tens digit of 7613845?
4
What is the tens digit of 439487716?
1
What is the ten millions digit of 688700536?
8
What is the millions digit of 10034755?
0
What is the hundred thousands digit of 6922681?
9
What is the tens digit of 33261969?
6
What is the units digit of 2420548231?
1
What is the hundred thousands digit of 52140244?
1
What is the hundreds digit of 35872967?
9
What is the ten thousands digit of 68079317?
7
What is the thousands digit of 28359012?
9
What is the ten millions digit of 1741956726?
4
What is the hundreds digit of 663493600?
6
What is the billions digit of 2337102967?
2
What is the tens digit of 661336790?
9
What is the ten millions digit of 1447050703?
4
What is the billions digit of 1681378000?
1
What is the hundred thousands digit of 138117810?
1
What is the ten thousands digit of 58466694?
6
What is the ten millions digit of 205696371?
0
What is the hundred thousands digit of 89701845?
7
What is the hundreds digit of 6163638027?
0
What is the hundreds digit of 53596480?
4
What is the billions digit of 1707996327?
1
What is the billions digit of 1069142996?
1
What is the tens digit of 15824675?
7
What is the ten thousands digit of 237943815?
4
What is the tens digit of 75947043?
4
What is the millions digit of 560136628?
0
What is the hundred thousands digit of 100107252?
1
What is the units digit of 878019406?
6
What is the millions digit of 31158554?
1
What is the tens digit of 3961855819?
1
What is the units digit of 1434510974?
4
What is the ten millions digit of 34605742?
3
What is the hundred thousands digit of 785020689?
0
What is the tens digit of 52628681?
8
What is the tens digit of 177743756?
5
What is the millions digit of 1891093747?
1
What is the hundred millions digit of 581837434?
5
What is the millions digit of 17411938?
7
What is the billions digit of 1672101896?
1
What is the hundred millions digit of 5972910504?
9
What is the thousands digit of 433765011?
5
What is the ten thousands digit of 34204159?
0
What is the units digit of 488554006?
6
What is the millions digit of 250601961?
0
What is the hundred millions digit of 969619750?
9
What is the thousands digit of 1568212459?
2
What is the tens digit of 58765896?
9
What is the ten millions digit of 153971906?
5
What is the thousands digit of 15350973?
0
What is the hundreds digit of 2844913555?
5
What is the ten thousands digit of 233326915?
2
What is the hundreds digit of 402365187?
1
What is the billions digit of 1072864862?
1
What is the tens digit of 68873362?
6
What is the units digit of 60245854?
4
What is the hundreds digit of 16660759?
7
What is the ten thousands digit of 367710922?
1
What is the ten thousands digit of 366676905?
7
What is the ten millions digit of 31799753?
3
What is the hundred thousands digit of 1741455585?
4
What is the ten millions digit of 287717521?
8
What is the ten millions digit of 625037386?
2
What is the units digit of 124790622?
2
What is the units digit of 42253779?
9
What is the thousands digit of 252372418?
2
What is the hundred millions digit of 770227248?
7
What is the ten millions digit of 116179476?
1
What is the ten millions digit of 95090639?
9
What is the units digit of 1472354530?
0
What is the hundred thousands digit of 299825124?
8
What is the tens digit of 22344803?
0
What is the tens digit of 175025223?
2
What is the units digit of 722283618?
8
What is the thousands digit of 41797397?
7
What is the ten millions digit of 66339855?
6
What is the hundreds digit of 2050215948?
9
What is the hundreds digit of 587647128?
1
What is the hundreds digit of 12132992?
9
What is the ten millions digit of 620090881?
2
What is the ten millions digit of 293706881?
9
What is the ten thousands digit of 3095980362?
8
What is the ten thousands digit of 